{"id":1238,"date":"2022-11-10T11:09:15","date_gmt":"2022-11-10T10:09:15","guid":{"rendered":"https:\/\/ph.bugesweb.eu\/about-the-castle\/name\/"},"modified":"2022-12-19T11:06:40","modified_gmt":"2022-12-19T10:06:40","slug":"name","status":"publish","type":"page","link":"https:\/\/www.plaveckyhrad.eu\/en\/about-the-castle\/name\/","title":{"rendered":"Name"},"content":{"rendered":"\n  <div class=\"banner has-hover\" id=\"banner-933799989\">\n          <div class=\"banner-inner fill\">\n        <div class=\"banner-bg fill\" >\n            <div class=\"bg fill bg-fill \"><\/div>\n                        <div class=\"overlay\"><\/div>            \n                    <\/div>\n\t\t\n        <div class=\"banner-layers container\">\n            <div class=\"fill banner-link\"><\/div>            \n   <div id=\"text-box-1362779887\" class=\"text-box banner-layer x50 md-x50 lg-x50 y50 md-y50 lg-y50 res-text\">\n                                <div class=\"text-box-content text dark\">\n              \n              <div class=\"text-inner text-center\">\n                  \n\t<div id=\"text-857875656\" class=\"text\">\n\t\t\n<h1>Our Heritage<\/h1>\n\t\t\n<style>\n#text-857875656 {\n  font-size: 0.75rem;\n}\n<\/style>\n\t<\/div>\n\t\n              <\/div>\n           <\/div>\n                            \n<style>\n#text-box-1362779887 {\n  width: 83%;\n}\n#text-box-1362779887 .text-box-content {\n  font-size: 100%;\n}\n<\/style>\n    <\/div>\n \n        <\/div>\n      <\/div>\n\n            \n<style>\n#banner-933799989 {\n  padding-top: 100%;\n}\n#banner-933799989 .bg.bg-loaded {\n  background-image: url(https:\/\/www.plaveckyhrad.eu\/wp-content\/uploads\/Plavecky-hrad-in-storm.jpg);\n}\n#banner-933799989 .overlay {\n  background-color: rgba(19, 19, 19, 0.157);\n}\n#banner-933799989 .ux-shape-divider--top svg {\n  height: 150px;\n  --divider-top-width: 100%;\n}\n#banner-933799989 .ux-shape-divider--bottom svg {\n  height: 150px;\n  --divider-width: 100%;\n}\n@media (min-width:550px) {\n  #banner-933799989 {\n    padding-top: 35%;\n  }\n}\n<\/style>\n  <\/div>\n\n\n\t<section class=\"section\" id=\"section_388742675\">\n\t\t<div class=\"bg section-bg fill bg-fill  bg-loaded\" >\n\n\t\t\t\n\t\t\t\n\t\t\t\n\n\t\t<\/div>\n\n\t\t\n\n\t\t<div class=\"section-content relative\">\n\t\t\t\n<p class=\"lead shortcode-error text-center\">Sorry, no pages was found<\/p>\n  \n    <div class=\"row large-columns-6 medium-columns-3 small-columns-2 row-collapse row-full-width\">\n  <\/div>\n\t\t<\/div>\n\n\t\t\n<style>\n#section_388742675 {\n  padding-top: 15px;\n  padding-bottom: 15px;\n  background-color: rgb(246, 246, 246);\n}\n#section_388742675 .ux-shape-divider--top svg {\n  height: 150px;\n  --divider-top-width: 100%;\n}\n#section_388742675 .ux-shape-divider--bottom svg {\n  height: 150px;\n  --divider-width: 100%;\n}\n<\/style>\n\t<\/section>\n\t\n\t<section class=\"section\" id=\"section_1323331852\">\n\t\t<div class=\"bg section-bg fill bg-fill  bg-loaded\" >\n\n\t\t\t\n\t\t\t\n\t\t\t\n\n\t\t<\/div>\n\n\t\t\n\n\t\t<div class=\"section-content relative\">\n\t\t\t\n<div class=\"row\"  id=\"row-139869843\">\n\n\t<div id=\"col-1873436005\" class=\"col small-12 large-12\"  >\n\t\t\t\t<div class=\"col-inner\"  >\n\t\t\t\n\t\t\t\n<h2 style=\"text-align: center;\">Name<\/h2>\n<p>In historical sources, the castle can be found mentioned under two names. In the oldest mentions, it is called by the name of its founder Detrich \u2013 Detrich\u2019s Rock. This denomination survived until today in the Hungarian name of the castle (Detrek\u00f6 v\u00e1r). The origin of the original Slovak name is entirely different; historians see it in the name of the Cuman tribe, originating from the steppe of eastern Russia. Cumans fled from the approaching Tatars to Hungary, where the then ruler Belo IV. hired them as the guards of the western border.<\/p>\n<p>Allegedly, the local people called the foreign warriors \u201ePlavci\u201c (pales) due to their bright hair color and so the castle Detrich\u2019s Rock became Plaveck\u00fd castle in the Slovak language, as a remembrance of the foreign guards of the frontier. The adjective derived from the name of the castle (Plaveck\u00fd) came to be used in the names of the surrounding villages belonging to the castle estate.<\/p>\n\t\t<\/div>\n\t\t\t\t\t<\/div>\n\n\t\n<\/div>\n\t\t<\/div>\n\n\t\t\n<style>\n#section_1323331852 {\n  padding-top: 30px;\n  padding-bottom: 30px;\n}\n#section_1323331852 .ux-shape-divider--top svg {\n  height: 150px;\n  --divider-top-width: 100%;\n}\n#section_1323331852 .ux-shape-divider--bottom svg {\n  height: 150px;\n  --divider-width: 100%;\n}\n<\/style>\n\t<\/section>\n\t\n","protected":false},"excerpt":{"rendered":"","protected":false},"author":1,"featured_media":0,"parent":1226,"menu_order":0,"comment_status":"closed","ping_status":"closed","template":"page-transparent-header.php","meta":[],"yoast_head":"<!-- This site is optimized with the Yoast SEO plugin v19.14 - https:\/\/yoast.com\/wordpress\/plugins\/seo\/ -->\n<title>Name - Plaveck\u00fd Hrad<\/title>\n<meta name=\"robots\" content=\"index, follow, max-snippet:-1, max-image-preview:large, max-video-preview:-1\" \/>\n<link rel=\"canonical\" href=\"https:\/\/www.plaveckyhrad.eu\/en\/about-the-castle\/name\/\" \/>\n<meta property=\"og:locale\" content=\"en_US\" \/>\n<meta property=\"og:type\" content=\"article\" \/>\n<meta property=\"og:title\" content=\"Name - Plaveck\u00fd Hrad\" \/>\n<meta property=\"og:url\" content=\"https:\/\/www.plaveckyhrad.eu\/en\/about-the-castle\/name\/\" \/>\n<meta property=\"og:site_name\" content=\"Plaveck\u00fd Hrad\" \/>\n<meta property=\"article:modified_time\" content=\"2022-12-19T10:06:40+00:00\" \/>\n<meta name=\"twitter:card\" content=\"summary_large_image\" \/>\n<meta name=\"twitter:label1\" content=\"Est. reading time\" \/>\n\t<meta name=\"twitter:data1\" content=\"1 minute\" \/>\n<script type=\"application\/ld+json\" class=\"yoast-schema-graph\">{\"@context\":\"https:\/\/schema.org\",\"@graph\":[{\"@type\":\"WebPage\",\"@id\":\"https:\/\/www.plaveckyhrad.eu\/en\/about-the-castle\/name\/\",\"url\":\"https:\/\/www.plaveckyhrad.eu\/en\/about-the-castle\/name\/\",\"name\":\"Name - Plaveck\u00fd Hrad\",\"isPartOf\":{\"@id\":\"https:\/\/www.plaveckyhrad.eu\/en\/#website\"},\"datePublished\":\"2022-11-10T10:09:15+00:00\",\"dateModified\":\"2022-12-19T10:06:40+00:00\",\"breadcrumb\":{\"@id\":\"https:\/\/www.plaveckyhrad.eu\/en\/about-the-castle\/name\/#breadcrumb\"},\"inLanguage\":\"en-US\",\"potentialAction\":[{\"@type\":\"ReadAction\",\"target\":[\"https:\/\/www.plaveckyhrad.eu\/en\/about-the-castle\/name\/\"]}]},{\"@type\":\"BreadcrumbList\",\"@id\":\"https:\/\/www.plaveckyhrad.eu\/en\/about-the-castle\/name\/#breadcrumb\",\"itemListElement\":[{\"@type\":\"ListItem\",\"position\":1,\"name\":\"Home\",\"item\":\"https:\/\/www.plaveckyhrad.eu\/en\/home\/\"},{\"@type\":\"ListItem\",\"position\":2,\"name\":\"About the castle\",\"item\":\"https:\/\/www.plaveckyhrad.eu\/en\/about-the-castle\/\"},{\"@type\":\"ListItem\",\"position\":3,\"name\":\"Name\"}]},{\"@type\":\"WebSite\",\"@id\":\"https:\/\/www.plaveckyhrad.eu\/en\/#website\",\"url\":\"https:\/\/www.plaveckyhrad.eu\/en\/\",\"name\":\"Plaveck\u00fd Hrad\",\"description\":\"Pr\u00ed\u010fte si vychutna\u0165 kr\u00e1su a dedi\u010dstvo na Plaveckom hrade\",\"potentialAction\":[{\"@type\":\"SearchAction\",\"target\":{\"@type\":\"EntryPoint\",\"urlTemplate\":\"https:\/\/www.plaveckyhrad.eu\/en\/?s={search_term_string}\"},\"query-input\":\"required name=search_term_string\"}],\"inLanguage\":\"en-US\"}]}<\/script>\n<!-- \/ Yoast SEO plugin. -->","yoast_head_json":{"title":"Name - Plaveck\u00fd Hrad","robots":{"index":"index","follow":"follow","max-snippet":"max-snippet:-1","max-image-preview":"max-image-preview:large","max-video-preview":"max-video-preview:-1"},"canonical":"https:\/\/www.plaveckyhrad.eu\/en\/about-the-castle\/name\/","og_locale":"en_US","og_type":"article","og_title":"Name - Plaveck\u00fd Hrad","og_url":"https:\/\/www.plaveckyhrad.eu\/en\/about-the-castle\/name\/","og_site_name":"Plaveck\u00fd Hrad","article_modified_time":"2022-12-19T10:06:40+00:00","twitter_card":"summary_large_image","twitter_misc":{"Est. reading time":"1 minute"},"schema":{"@context":"https:\/\/schema.org","@graph":[{"@type":"WebPage","@id":"https:\/\/www.plaveckyhrad.eu\/en\/about-the-castle\/name\/","url":"https:\/\/www.plaveckyhrad.eu\/en\/about-the-castle\/name\/","name":"Name - Plaveck\u00fd Hrad","isPartOf":{"@id":"https:\/\/www.plaveckyhrad.eu\/en\/#website"},"datePublished":"2022-11-10T10:09:15+00:00","dateModified":"2022-12-19T10:06:40+00:00","breadcrumb":{"@id":"https:\/\/www.plaveckyhrad.eu\/en\/about-the-castle\/name\/#breadcrumb"},"inLanguage":"en-US","potentialAction":[{"@type":"ReadAction","target":["https:\/\/www.plaveckyhrad.eu\/en\/about-the-castle\/name\/"]}]},{"@type":"BreadcrumbList","@id":"https:\/\/www.plaveckyhrad.eu\/en\/about-the-castle\/name\/#breadcrumb","itemListElement":[{"@type":"ListItem","position":1,"name":"Home","item":"https:\/\/www.plaveckyhrad.eu\/en\/home\/"},{"@type":"ListItem","position":2,"name":"About the castle","item":"https:\/\/www.plaveckyhrad.eu\/en\/about-the-castle\/"},{"@type":"ListItem","position":3,"name":"Name"}]},{"@type":"WebSite","@id":"https:\/\/www.plaveckyhrad.eu\/en\/#website","url":"https:\/\/www.plaveckyhrad.eu\/en\/","name":"Plaveck\u00fd Hrad","description":"Pr\u00ed\u010fte si vychutna\u0165 kr\u00e1su a dedi\u010dstvo na Plaveckom hrade","potentialAction":[{"@type":"SearchAction","target":{"@type":"EntryPoint","urlTemplate":"https:\/\/www.plaveckyhrad.eu\/en\/?s={search_term_string}"},"query-input":"required name=search_term_string"}],"inLanguage":"en-US"}]}},"_links":{"self":[{"href":"https:\/\/www.plaveckyhrad.eu\/en\/wp-json\/wp\/v2\/pages\/1238"}],"collection":[{"href":"https:\/\/www.plaveckyhrad.eu\/en\/wp-json\/wp\/v2\/pages"}],"about":[{"href":"https:\/\/www.plaveckyhrad.eu\/en\/wp-json\/wp\/v2\/types\/page"}],"author":[{"embeddable":true,"href":"https:\/\/www.plaveckyhrad.eu\/en\/wp-json\/wp\/v2\/users\/1"}],"replies":[{"embeddable":true,"href":"https:\/\/www.plaveckyhrad.eu\/en\/wp-json\/wp\/v2\/comments?post=1238"}],"version-history":[{"count":10,"href":"https:\/\/www.plaveckyhrad.eu\/en\/wp-json\/wp\/v2\/pages\/1238\/revisions"}],"predecessor-version":[{"id":1782,"href":"https:\/\/www.plaveckyhrad.eu\/en\/wp-json\/wp\/v2\/pages\/1238\/revisions\/1782"}],"up":[{"embeddable":true,"href":"https:\/\/www.plaveckyhrad.eu\/en\/wp-json\/wp\/v2\/pages\/1226"}],"wp:attachment":[{"href":"https:\/\/www.plaveckyhrad.eu\/en\/wp-json\/wp\/v2\/media?parent=1238"}],"curies":[{"name":"wp","href":"https:\/\/api.w.org\/{rel}","templated":true}]}}

<div class="banner has-hover" id="banner-933799989">
          <div class="banner-inner fill">
        <div class="banner-bg fill" >
            <div class="bg fill bg-fill "></div>
                        <div class="overlay"></div>            
                    </div>
		
        <div class="banner-layers container">
            <div class="fill banner-link"></div>            
   <div id="text-box-1362779887" class="text-box banner-layer x50 md-x50 lg-x50 y50 md-y50 lg-y50 res-text">
                                <div class="text-box-content text dark">
              
              <div class="text-inner text-center">
                  
	<div id="text-857875656" class="text">
		
<h1>Our Heritage</h1>
		
<style>
#text-857875656 {
  font-size: 0.75rem;
}
</style>
	</div>
	
              </div>
           </div>
                            
<style>
#text-box-1362779887 {
  width: 83%;
}
#text-box-1362779887 .text-box-content {
  font-size: 100%;
}
</style>
    </div>
 
        </div>
      </div>

            
<style>
#banner-933799989 {
  padding-top: 100%;
}
#banner-933799989 .bg.bg-loaded {
  background-image: url(https://www.plaveckyhrad.eu/wp-content/uploads/Plavecky-hrad-in-storm.jpg);
}
#banner-933799989 .overlay {
  background-color: rgba(19, 19, 19, 0.157);
}
#banner-933799989 .ux-shape-divider--top svg {
  height: 150px;
  --divider-top-width: 100%;
}
#banner-933799989 .ux-shape-divider--bottom svg {
  height: 150px;
  --divider-width: 100%;
}
@media (min-width:550px) {
  #banner-933799989 {
    padding-top: 35%;
  }
}
</style>
  </div>


	<section class="section" id="section_388742675">
		<div class="bg section-bg fill bg-fill  bg-loaded" >

			
			
			

		</div>

		

		<div class="section-content relative">
			
<p class="lead shortcode-error text-center">Sorry, no pages was found</p>
  
    <div class="row large-columns-6 medium-columns-3 small-columns-2 row-collapse row-full-width">
  </div>
		</div>

		
<style>
#section_388742675 {
  padding-top: 15px;
  padding-bottom: 15px;
  background-color: rgb(246, 246, 246);
}
#section_388742675 .ux-shape-divider--top svg {
  height: 150px;
  --divider-top-width: 100%;
}
#section_388742675 .ux-shape-divider--bottom svg {
  height: 150px;
  --divider-width: 100%;
}
</style>
	</section>
	
	<section class="section" id="section_1323331852">
		<div class="bg section-bg fill bg-fill  bg-loaded" >

			
			
			

		</div>

		

		<div class="section-content relative">
			
<div class="row"  id="row-139869843">

	<div id="col-1873436005" class="col small-12 large-12"  >
				<div class="col-inner"  >
			
			
<h2 style="text-align: center;">Name</h2>
<p>In historical sources, the castle can be found mentioned under two names. In the oldest mentions, it is called by the name of its founder Detrich – Detrich’s Rock. This denomination survived until today in the Hungarian name of the castle (Detrekö vár). The origin of the original Slovak name is entirely different; historians see it in the name of the Cuman tribe, originating from the steppe of eastern Russia. Cumans fled from the approaching Tatars to Hungary, where the then ruler Belo IV. hired them as the guards of the western border.</p>
<p>Allegedly, the local people called the foreign warriors „Plavci“ (pales) due to their bright hair color and so the castle Detrich’s Rock became Plavecký castle in the Slovak language, as a remembrance of the foreign guards of the frontier. The adjective derived from the name of the castle (Plavecký) came to be used in the names of the surrounding villages belonging to the castle estate.</p>
		</div>
					</div>

	
</div>
		</div>

		
<style>
#section_1323331852 {
  padding-top: 30px;
  padding-bottom: 30px;
}
#section_1323331852 .ux-shape-divider--top svg {
  height: 150px;
  --divider-top-width: 100%;
}
#section_1323331852 .ux-shape-divider--bottom svg {
  height: 150px;
  --divider-width: 100%;
}
</style>
	</section>

<!-- This site is optimized with the Yoast SEO plugin v19.14 - https://yoast.com/wordpress/plugins/seo/ -->
<title>Name - Plavecký Hrad</title>
<meta name="robots" content="index, follow, max-snippet:-1, max-image-preview:large, max-video-preview:-1" />
<link rel="canonical" href="https://www.plaveckyhrad.eu/en/about-the-castle/name/" />
<meta property="og:locale" content="en_US" />
<meta property="og:type" content="article" />
<meta property="og:title" content="Name - Plavecký Hrad" />
<meta property="og:url" content="https://www.plaveckyhrad.eu/en/about-the-castle/name/" />
<meta property="og:site_name" content="Plavecký Hrad" />
<meta property="article:modified_time" content="2022-12-19T10:06:40+00:00" />
<meta name="twitter:card" content="summary_large_image" />
<meta name="twitter:label1" content="Est. reading time" />
	<meta name="twitter:data1" content="1 minute" />
<script type="application/ld+json" class="yoast-schema-graph">{"@context":"https://schema.org","@graph":[{"@type":"WebPage","@id":"https://www.plaveckyhrad.eu/en/about-the-castle/name/","url":"https://www.plaveckyhrad.eu/en/about-the-castle/name/","name":"Name - Plavecký Hrad","isPartOf":{"@id":"https://www.plaveckyhrad.eu/en/#website"},"datePublished":"2022-11-10T10:09:15+00:00","dateModified":"2022-12-19T10:06:40+00:00","breadcrumb":{"@id":"https://www.plaveckyhrad.eu/en/about-the-castle/name/#breadcrumb"},"inLanguage":"en-US","potentialAction":[{"@type":"ReadAction","target":["https://www.plaveckyhrad.eu/en/about-the-castle/name/"]}]},{"@type":"BreadcrumbList","@id":"https://www.plaveckyhrad.eu/en/about-the-castle/name/#breadcrumb","itemListElement":[{"@type":"ListItem","position":1,"name":"Home","item":"https://www.plaveckyhrad.eu/en/home/"},{"@type":"ListItem","position":2,"name":"About the castle","item":"https://www.plaveckyhrad.eu/en/about-the-castle/"},{"@type":"ListItem","position":3,"name":"Name"}]},{"@type":"WebSite","@id":"https://www.plaveckyhrad.eu/en/#website","url":"https://www.plaveckyhrad.eu/en/","name":"Plavecký Hrad","description":"Príďte si vychutnať krásu a dedičstvo na Plaveckom hrade","potentialAction":[{"@type":"SearchAction","target":{"@type":"EntryPoint","urlTemplate":"https://www.plaveckyhrad.eu/en/?s={search_term_string}"},"query-input":"required name=search_term_string"}],"inLanguage":"en-US"}]}</script>
<!-- / Yoast SEO plugin. -->

Name - Plavecký Hrad

Plavecký Hrad

Príďte si vychutnať krásu a dedičstvo na Plaveckom hrade
